**2 - 6*t + 5. Let o(m) = -6*g(m) + 17*v(m). What is o(p)?
-5
Let f(t) = 2*t**2 + 7*t + 5. Let n be f(-5). Suppose 2*p = -3*i + n - 7, 0 = -4*p - 4. Let c be 11/(-4) - i/20. Let s(x) = 4*x - 4. What is s(c)?
-16
Let v(g) = -g**3 - g. Let t(x) = 6*x**3 + 2*x**2 + 7*x. Let b(o) = t(o) + 5*v(o). Let z = 361 + -363. Give b(z).
-4
Let t be -5*1/(2/4). Let u(d) = d**3 - 4*d**2 - d - 8 - 4*d**2 - d**2 + 9*d**2 + 10*d**2. Give u(t).
2
Let x(t) = -3*t**2 - 7*t + 6. Let s be x(-5). Let y = -28 - s. Let d(n) = -n**3 + 7*n**2 - 6*n + 7. What is d(y)?
7
Let z(y) be the first derivative of y**4/4 + 8*y**3/3 + y + 98. What is z(-8)?
1
Let l(r) be the third derivative of r**4/24 - 18*r**2. Determine l(7).
7
Let u be -3 - 1/(-2 - 4/(-4)). Let x(t) = -6*t - 5. What is x(u)?
7
Suppose -3*y + 0*i = -5*i + 7, 15 = -4*y + i. Let m be y/3*(2 + 1). Let d(c) be the third derivative of c**5/60 + c**4/6 + c**3/6 - 1515*c**2. Calculate d(m).
1
Let t(j) = -j**3 - j**2 + 4*j + 10. Let b be t(0). Let s(i) = -2*i + 2. Give s(b).
-18
Let t(y) = -11*y + 55 - y + 3*y - 23 - 30. Give t(5).
-43
Let u(m) = 2*m**2 + 17*m + 3. Let v(f) = -f**2 - 9*f - 2. Let x(t) = -3*u(t) - 5*v(t). Suppose 8 = 2*z + 4*l, 3 - 1 = 3*z + 4*l. Calculate x(z).
1
Let z(w) = -7 + 20*w - 33*w + 14*w. Give z(-7).
-14
Let f = -34 - -35. Let l(o) = -6 + 3*o + o**2 + f - 4 + 4. Give l(-4).
-1
Let p be 6*(-6)/(-9) + -3. Suppose -4*d - 6 = 5*i, -4*i + p = 4*d + 5. Let l(f) = -12*f**3 - 9*f**3 - 3*f**2 + f + 7*f**3 + 2*f**2. What is l(d)?
-14
Suppose 322*j + 84 = 316*j. Let k(i) = i**3 + 14*i**2 + i + 18. Calculate k(j).
4
Let t(i) be the third derivative of -1/60*i**5 + 0*i + 4*i**2 + 1/3*i**4 + 0 - 5/6*i**3. Give t(7).
2
Suppose 6*q = 3*q + 6. Let l(c) = 2 - 14*c**q - 2 - c**2. Calculate l(-1).
-15
Suppose 2*z - 87 = 2*v + 63, -2*v - 10 = 0. Let x be (z/15)/(2/(-6)). Let w = x + 13. Let m(f) = -2*f**3 - 2*f**2 + 1. Give m(w).
1
Let q(b) be the first derivative of -2*b**3 + 5*b**2/2 - 3*b + 196. Give q(3).
-42
Let n(j) = -3*j**2 + 40*j - 6. Let q(d) = -2*d**2 + 27*d - 4. Let u(o) = 5*n(o) - 7*q(o). Determine u(11).
-2
Let f(v) = -2*v**3 - 4*v**2 - 3*v. Suppose 2*k = 3*d + 6*k + 41, -k + 16 = -3*d. Let j(u) = -u**2 - 6*u + 5. Let h be j(d). Determine f(h).
6
Suppose -l = -2*k - 25, -3*k = -5*l + 88 + 23. Suppose -4*d - l + 9 = 0. Let q(x) be the third derivative of x**4/8 + x**3/3 + 3*x**2. What is q(d)?
-7
Suppose -3*s = -3*h - 0*h - 3, -4 = 2*s. Let o(u) = -u**2 - u. Let l(m) = 3*m**2 + 4*m. Let f(w) = -l(w) - 2*o(w). Calculate f(h).
-3
Suppose d + 2*m - 19 = 0, -2*d = -6*m + m - 65. Suppose 3*i + 25 = -5*u, -7*u - d = -i - 2*u. Let q(f) = -f + i + 4*f**3 - 8*f**3 + 1. Determine q(1).
-4
Let u(j) be the first derivative of -3*j**2/2 - 2*j + 12. Give u(-4).
10
Let p(s) = -3*s - 3. Let m be 140/(-28)*4/5 + 0. Calculate p(m).
9
Let p(n) = n + 2. Let b(z) = -4*z + 35. Let y(v) = b(v) - p(v). Let i be y(6). Let s(t) = -t**3 + 2*t**2 - 3*t - 2. Calculate s(i).
-20
Let g(w) = -w**2 + 2*w - 2. Let p(s) = 2*s**2 - 5*s + 5. Let l(u) = -5*g(u) - 2*p(u). Let z = -209 + 207. Determine l(z).
4
Let p(w) = w**3 - w**2 - w - 20. Let b(l) = 8*l - 4. Let o be b(3). Suppose 4*a = -4*x - o, 0 = -4*a - 0*a + x + 5. What is p(a)?
-20
Let h(z) = 6*z + 8. Let i(r) = -5*r - 7. Let k(f) = 4*h(f) + 5*i(f). What is k(-3)?
0
Let y(n) = 2*n**3 - 4*n**2 + 2*n + 1. Let s = -13 + 15. Let c be s - 4/4 - 14. Let u = c + 15. Calculate y(u).
5
Let d(s) be the first derivative of s**3/3 + 2*s**2 - s + 56. Give d(-3).
-4
Let k be (-33 + 8)/(0 - -1). Let a = k - -29. Suppose 4*b - a = -2*m + 3*b, 5*m + 3*b = 8. Let p(w) = -w**2 + 2*w + 4. Give p(m).
-4
Let k = -12 + 17. Suppose -3 + k = c. Let o(n) = -n - 4 - n**c + 7*n - 4. Calculate o(6).
-8
Let t(p) = 8*p + 32*p**3 - 13*p + 8*p**2 - 13*p**3 + 36 - 20*p**3. What is t(8)?
-4
Suppose 12*p - 13 - 23 = 0. Let a(w) = -32*w**2 - 30*w**2 + 59*w**2 + 4*w - 4 + w**p. Calculate a(3).
8
Let m(j) = -23*j - 21. Let r(q) = q - 12. Let k(p) = m(p) - 2*r(p). What is k(2)?
-47
Let o(k) = -k**2 - 13*k - 22. Let p = 705 + -718. What is o(p)?
-22
Suppose -9*q - 1 = -28. Let d(t) = 3*t - t**3 + 6*t - 5*t + 2*t**q + 7*t**2. Determine d(-6).
12
Let q(t) be the third derivative of t**6/120 + t**5/12 - 7*t**4/24 - 7*t**3/6 - 38*t**2 + 1. Suppose -n + 0*n - 6 = 0. Give q(n).
-1
Let z(g) = g**2 - g - 2. Let k(s) = 5*s**2 - 9*s - 9. Let h(j) = k(j) - 4*z(j). Determine h(5).
-1
Let f(w) = 140 - 62 + 4*w - 73. What is f(4)?
21
Let n = 7 - 5. Let u(z) = 2 + 12*z**2 + 10*z**2 - 89*z**2 + 11*z**2 + z**3 + 53*z**2 + z. Calculate u(n).
0
Suppose 8*a = r + 12*a - 4, 3*r - 3*a = -33. Let y(v) = -3*v - 16. Determine y(r).
8
Let b(w) = 3*w - 1 - 2 + w**2 + 0*w**2. Let c be ((-3)/5 - (-629)/(-185)) + -2. Calculate b(c).
15
Let q(k) = -3*k - 3*k + 2*k. Suppose 5*g = f + 23, 171 = -f - 7*g + 196. What is q(f)?
12
Suppose -8 + 18 = -5*b. Let x be (0 - (-7 - -5))/(2/b). Let j(u) = -3*u. Give j(x).
6
Let n(s) be the third derivative of -s**4/24 + s**3/3 - 3*s**2. Suppose -15 + 43 = 4*k. Determine n(k).
-5
Let d be 55/45 - 16/72. Let f(q) = -10*q**3 + 1. What is f(d)?
-9
Suppose 0 = -2*h - h. Let n(a) = h - 4 - 5*a + 2 + 0. Calculate n(-2).
8
Let p(g) = -4*g**3 - 6*g**2 - 2*g + 3. Let n(h) = 7*h**3 + 12*h**2 + 5*h - 5. Let t(f) = 3*n(f) + 5*p(f). Let o be t(-5). Let d(q) = -q - 3. Calculate d(o).
-3
Let c(w) = -9*w - 3. Let d(n) = -7*n**2 + 6*n + 3. Let o be d(1). Determine c(o).
-21
Suppose -3*k - 2 = 1. Let n(s) = -s**2 + 1. Let d(c) = 6*c**2 + 2*c + 5. Let r(f) = -d(f) + 4*n(f). What is r(k)?
-9
Let f be ((-4875)/52)/15 - 1/(-4). Let p(t) = t**3 + 6*t**2 - t - 8. What is p(f)?
-2
Let k(l) be the third derivative of -l**6/120 + l**5/10 + l**4/24 + l**3/2 + 2*l**2 - 4. Give k(6).
9
Let k(x) = 2*x + 8. Let w(f) = f**2 - 4*f - 102. Let y be w(-8). Give k(y).
-4
Let k(q) = -4*q**3 + 7*q**2 - 5*q + 7. Let h(z) = -9*z**3 + 14*z**2 - 12*z + 15. Let u(s) = -3*h(s) + 7*k(s). Determine u(7).
11
Let f(b) = 3*b - 38. Let g(i) = -4. Let x(h) = f(h) - 6*g(h). Calculate x(11).
19
Let j(p) = -p**3 + p**2. Suppose -7*s - 2*s + 18 = 0. Suppose -2*r + 5 = s*w + 3*w, -16 = w - 3*r. Determine j(w).
2
Let p = -50 + 45. Let w(t) = -t - 11. Calculate w(p).
-6
Let l be -5 + (-62)/(-14) - 3/7. Let p(j) = -32*j. Give p(l).
32
Let x(r) = -r**2 + 10*r - 9. Let y be ((-296)/56 + 5)/((-3)/63). Determine x(y).
15
Let j(i) = 37*i**2 + 174 - 15*i**2 - 175 - 2*i. Calculate j(-1).
23
Suppose 5*k + 165 - 147 = -q, -3*q - k + 2 = 0. Let t(l) be the first derivative of q + 1/2*l**2 + l + 4/3*l**3. Determine t(-1).
4
Let j = 3 - -1. Let x(d) = 0 + 7*d - j*d + 0 - d**2 - 6. What is x(4)?
-10
Let k(z) = 8*z + 28. Let v(i) = -8*i - 27. Let w(p) = -4*k(p) - 5*v(p). Let g(y) = -3*y - 8. Let u(r) = 17*g(r) + 6*w(r). Determine u(3).
-7
Let t(n) = n**3 + 12*n**2 - 2*n - 28. Suppose -p - 3*x - x + 4 = 0, -2*p = -3*x + 36. What is t(p)?
-4
Let k(o) = -o + 69 - 135 + 7*o + 65. Give k(1).
5
Suppose 4*n = -n - 35. Let a(y) = -y + 1. Let w(p) = 1. Let j(d) = 3*a(d) - 7*w(d). What is j(n)?
17
Let g = -32 + 52. Let o be (-1)/(1 + (-15)/g). Let f(h) = h**3 + 2*h**2 - 6*h - 4. Calculate f(o).
-12
Let x(h) = -4*h**3 - 6*h**2 + 3*h - 15. Let l(w) = 5*w**3 + 8*w**2 - 4*w + 14. Let b(z) = 3*l(z) + 4*x(z). Give b(0).
-18
Suppose 2*i + 1 = -l - 0, l = -4*i + 3. Let u(b) = -b - 5. Let o(z) = 2*z + 11. Let d(h) = l*u(h) - 3*o(h). Calculate d(-7).
-1
Let c be 4 + ((-24)/(-20))/((-4)/(-10)). Let l(d) = -6*d**3 + c*d**3 - 15*d**3 + 3*d**3. What is l(-1)?
11
Let b = 512 + -509. Let t(g) be the first derivative of 0*g**2 + 1/3*g**b - 1 + 6*g. Calculate t(0).
6
Suppose -t - 4*t - 25 = 0. Let v(u) = -5*u - u + 6 + 22*u**3 + 14*u**3 - 54*u**3 + 4*u**2 + 19*u**3. Determine v(t).
11
Let h(x) = 4*x - 5*x**2 - 2 - 1 + 2*x**2 - 81*x**3 + 80*x**3. What is h(-4)?
-3
Let q(b) be the second derivative of 0*b**4 - 1/20*b**5 - 11*b + 0*b**2 + 0*b**3 + 0. Determine q(-1).
1
Let b(s) = -s**2 + 9*s + 14. Let m(c) = -c**2 + 14*c + 25. Let d be m(15). Calculate b(d).
4
Suppose 4 = -5*j + 6*j. Let m(g) = 4*g - 14 - 5*g + j*g - 4*g. What is m(-8)?
-6
Suppose 48 = -3*g + 57. Suppose 5*x - 14 - 1 = 0. Let s(v) = 7*v**x + v - g*v**2 + 0*v**3 + v**2. Give s(1).
6
Let v(c) = -4*c + 4. Let w be -6 + (-25)/(25/(-4)). Determine v(w).
1